{"id":2,"date":"2012-08-14T09:46:57","date_gmt":"2012-08-14T09:46:57","guid":{"rendered":"http:\/\/korekgliwice.pl\/?page_id=2"},"modified":"2016-06-10T07:57:50","modified_gmt":"2016-06-10T07:57:50","slug":"oferta","status":"publish","type":"page","link":"http:\/\/www.korekgliwice.pl\/?page_id=2","title":{"rendered":"Oferta\/"},"content":{"rendered":"<p>Firma <strong>Korek<\/strong> jest importerem win od roku 2007. Specjalizujemy si\u0119 w winach alzackich \u2013 ka\u017cdorazowo sami odwiedzamy winiarzy i kupujemy wina, kt\u00f3re spr\u00f3bowali\u015bmy i uznali\u015bmy za godne polecenia.<br \/>\nW ofercie opr\u00f3cz win z Alzacji posiadamy te\u017c propozycje z innych region\u00f3w Francji oraz ca\u0142ej Europy.<a  class=\"thickbox no_icon\" href=\"http:\/\/www.korekgliwice.pl\/wp-content\/gallery\/galeria\/1-piwn.jpg\" title=\"1-piwn\"><img loading=\"lazy\" class=\"ngg-singlepic ngg-none alignright\" src=\"http:\/\/www.korekgliwice.pl\/wp-content\/gallery\/galeria\/thumbs\/thumbs_1-piwn.jpg\" alt=\"1-piwn\" width=\"100\" height=\"75\" \/><\/a><br \/>\nW roku\u00a0 2009 magazyn Wino przyznana\u0142 nam nagrod\u0119 <strong>Grand Prix za &#8222;najlepsze wino bia\u0142e&#8221; <\/strong>dla importowanego przez nas alzackiego Pinot Gris Vieilles Vignes 2007<strong> <\/strong>z winnicy Zind-Humbrecht.<br \/>\nBardzo wa\u017cne jest dla nas aby wina, kt\u00f3re sprowadzamy, by\u0142y alternatyw\u0105 i unikatem, jakiego nie spotkacie Pa\u0144stwo na sklepowej p\u00f3\u0142ce. Importujemy wina w r\u00f3\u017cnych przedzia\u0142ach cenowych, zawsze jednak bardzo wysokiej jako\u015bci.<br \/>\nFirma Korek to nie tylko importer, ale r\u00f3wnie\u017c przewodnik po \u015bwiecie win wielkich, rzadko spotykanych na degustacjach \u2013 win, kt\u00f3re otrzyma\u0142y wysokie noty i zebra\u0142y wiele nagr\u00f3d na \u015bwiatowych konkursach. Producenci, kt\u00f3rych wina sprowadzamy to zawsze uznane nazwiska na winiarskiej mapie \u015bwiata.<\/p>\n<p><strong>Oferujemy:<\/strong><\/p>\n<ul>\n<li>Cykliczne festiwale wina organizowane w naszej <strong>restauracji \u2018\u2019Siedlisko\u2019\u2019 w Gliwicach<\/strong><\/li>\n<li>Organizacj\u0119 zamkni\u0119tych festiwali po\u0142\u0105czonych z wyk\u0142adami i spotkaniami z producentami win importowanych przez firm\u0119 KOREK<\/li>\n<li>Organizacj\u0119 wyjazd\u00f3w integracyjnych po\u0142\u0105czonych z degustacj\u0105 win<\/li>\n<li>Degustacj\u0119 win w stylowej piwniczce w naszej restauracji<\/li>\n<li>Szkolenia kelner\u00f3w w restauracjach partnerskich<\/li>\n<li>Sprzeda\u017c dla klient\u00f3w idywidualnych oraz sklep\u00f3w i restauracji<\/li>\n<li>Projektowanie piwniczek z winem<\/li>\n<li>Realizowanie specjalnych zam\u00f3wie\u0144 na wina, kt\u00f3re trudno zdoby\u0107 na rynku polskim.<\/li>\n<\/ul>\n","protected":false},"excerpt":{"rendered":"<p>Firma Korek jest importerem win od roku 2007. Specjalizujemy si\u0119 w winach alzackich \u2013 ka\u017cdorazowo sami odwiedzamy winiarzy i kupujemy wina, kt\u00f3re spr\u00f3bowali\u015bmy i uznali\u015bmy za godne polecenia. W ofercie opr\u00f3cz win z Alzacji posiadamy te\u017c propozycje z innych region\u00f3w &hellip; <a  href=\"http:\/\/www.korekgliwice.pl\/?page_id=2\">Continue reading <span class=\"meta-nav\">&rarr;<\/span><\/a><\/p>\n","protected":false},"author":2,"featured_media":0,"parent":0,"menu_order":0,"comment_status":"closed","ping_status":"closed","template":"","meta":{"ngg_post_thumbnail":0},"_links":{"self":[{"href":"http:\/\/www.korekgliwice.pl\/index.php?rest_route=\/wp\/v2\/pages\/2"}],"collection":[{"href":"http:\/\/www.korekgliwice.pl\/index.php?rest_route=\/wp\/v2\/pages"}],"about":[{"href":"http:\/\/www.korekgliwice.pl\/index.php?rest_route=\/wp\/v2\/types\/page"}],"author":[{"embeddable":true,"href":"http:\/\/www.korekgliwice.pl\/index.php?rest_route=\/wp\/v2\/users\/2"}],"replies":[{"embeddable":true,"href":"http:\/\/www.korekgliwice.pl\/index.php?rest_route=%2Fwp%2Fv2%2Fcomments&post=2"}],"version-history":[{"count":12,"href":"http:\/\/www.korekgliwice.pl\/index.php?rest_route=\/wp\/v2\/pages\/2\/revisions"}],"predecessor-version":[{"id":277,"href":"http:\/\/www.korekgliwice.pl\/index.php?rest_route=\/wp\/v2\/pages\/2\/revisions\/277"}],"wp:attachment":[{"href":"http:\/\/www.korekgliwice.pl\/index.php?rest_route=%2Fwp%2Fv2%2Fmedia&parent=2"}],"curies":[{"name":"wp","href":"https:\/\/api.w.org\/{rel}","templated":true}]}}

<p>Firma <strong>Korek</strong> jest importerem win od roku 2007. Specjalizujemy się w winach alzackich – każdorazowo sami odwiedzamy winiarzy i kupujemy wina, które spróbowaliśmy i uznaliśmy za godne polecenia.<br />
W ofercie oprócz win z Alzacji posiadamy też propozycje z innych regionów Francji oraz całej Europy.<a  class="thickbox no_icon" href="http://www.korekgliwice.pl/wp-content/gallery/galeria/1-piwn.jpg" title="1-piwn"><img loading="lazy" class="ngg-singlepic ngg-none alignright" src="http://www.korekgliwice.pl/wp-content/gallery/galeria/thumbs/thumbs_1-piwn.jpg" alt="1-piwn" width="100" height="75" /></a><br />
W roku  2009 magazyn Wino przyznanał nam nagrodę <strong>Grand Prix za &#8222;najlepsze wino białe&#8221; </strong>dla importowanego przez nas alzackiego Pinot Gris Vieilles Vignes 2007<strong> </strong>z winnicy Zind-Humbrecht.<br />
Bardzo ważne jest dla nas aby wina, które sprowadzamy, były alternatywą i unikatem, jakiego nie spotkacie Państwo na sklepowej półce. Importujemy wina w różnych przedziałach cenowych, zawsze jednak bardzo wysokiej jakości.<br />
Firma Korek to nie tylko importer, ale również przewodnik po świecie win wielkich, rzadko spotykanych na degustacjach – win, które otrzymały wysokie noty i zebrały wiele nagród na światowych konkursach. Producenci, których wina sprowadzamy to zawsze uznane nazwiska na winiarskiej mapie świata.</p>
<p><strong>Oferujemy:</strong></p>
<ul>
<li>Cykliczne festiwale wina organizowane w naszej <strong>restauracji ‘’Siedlisko’’ w Gliwicach</strong></li>
<li>Organizację zamkniętych festiwali połączonych z wykładami i spotkaniami z producentami win importowanych przez firmę KOREK</li>
<li>Organizację wyjazdów integracyjnych połączonych z degustacją win</li>
<li>Degustację win w stylowej piwniczce w naszej restauracji</li>
<li>Szkolenia kelnerów w restauracjach partnerskich</li>
<li>Sprzedaż dla klientów idywidualnych oraz sklepów i restauracji</li>
<li>Projektowanie piwniczek z winem</li>
<li>Realizowanie specjalnych zamówień na wina, które trudno zdobyć na rynku polskim.</li>
</ul>

<p>Firma Korek jest importerem win od roku 2007. Specjalizujemy się w winach alzackich – każdorazowo sami odwiedzamy winiarzy i kupujemy wina, które spróbowaliśmy i uznaliśmy za godne polecenia. W ofercie oprócz win z Alzacji posiadamy też propozycje z innych regionów &hellip; <a  href="http://www.korekgliwice.pl/?page_id=2">Continue reading <span class="meta-nav">&rarr;</span></a></p>
